ommon divisor of 105 and j?
15
Let o(j) = 6 - 3*j - 13 - 7. Let y(n) = n + 3. Let t be y(-14). Let r be o(t). Calculate the highest common factor of r and 95.
19
Let p(u) = -19*u + 5. Let w be p(-2). Calculate the highest common divisor of w and 43.
43
Let d be 1*(-3)/3*-65. Let h = -26 + d. What is the highest common factor of 26 and h?
13
Let h be 48/3 - (3 - -1). Suppose -17*q = -h*q - 30. Calculate the highest common divisor of 66 and q.
6
Suppose -12 = -c - f, -4*f = -2*c + 44 - 2. Suppose n = -0*n + 105. What is the highest common divisor of c and n?
15
Let p = 93 - 21. What is the greatest common divisor of 8 and p?
8
Suppose -2*p + 135 = 3*p. Calculate the greatest common factor of p and 135.
27
Let k be (-1)/3 - (-1)/(-3)*-136. What is the greatest common factor of k and 9?
9
Let u = -10 + 22. Suppose k - 2*k - j + 27 = 0, -j + 3 = 0. Calculate the highest common divisor of k and u.
12
Suppose 0 = 2*s - 4*s + 24. Let w = -487 + 619. What is the highest common divisor of w and s?
12
Let r(g) = -g**3 + 12*g**2 + 2*g - 8. Let y be r(8). Calculate the greatest common divisor of y and 24.
24
Let v be (-2 + 1 + 1)/(-2). Suppose v = -j + 13 - 2. Suppose -2*d - d - 59 = -4*q, 4*q - 2*d = 54. Calculate the highest common divisor of q and j.
11
Let w be (14/4)/(3/36). Let q = 67 - w. Suppose -4*v - v + 25 = 0. Calculate the greatest common factor of q and v.
5
Suppose -560 = -k - 4*k. Calculate the greatest common divisor of k and 28.
28
Suppose 3*y - 153 - 3 = 0. Suppose -4*a + 2*l - 3*l = -54, -59 = -5*a + 3*l. Calculate the greatest common factor of a and y.
13
Let x be ((-165)/25)/(1/(-5)). Let j = 37 + x. Calculate the greatest common factor of j and 14.
14
Let j be ((-8)/(-5))/(4/80). What is the highest common factor of 8 and j?
8
Suppose -4*q + 4 = 2*o - 0*q, -8 = -4*o - 2*q. Calculate the highest common factor of 4 and o.
2
Let v(b) = 8*b**2 - 2 - 2*b**2 - 1 + b + 2*b**2 - b**3. Let y be v(8). What is the greatest common factor of y and 25?
5
Let o be (0 + 18/(-7))/(12/(-112)). What is the greatest common factor of 36 and o?
12
Suppose -f - v = -99, 68 + 130 = 2*f - 5*v. Calculate the highest common divisor of f and 9.
9
Let l(j) = j**3 + 9*j**2 - 4*j + 2. Suppose 4*x = -32 - 0. Let k be l(x). What is the greatest common divisor of k and 14?
14
Let m(h) be the second derivative of h**4/6 + 2*h**3/3 - 11*h**2/2 + 4*h. Let o be m(-5). What is the greatest common divisor of o and 152?
19
Let w = 14 - 12. Let p be (-195)/(-27) - w/9. What is the greatest common divisor of p and 7?
7
Suppose -i = 3*i - 28. Let x be (4/6)/(2/15). Let a = i - x. What is the greatest common factor of 22 and a?
2
Let k(p) = p**2 + 5*p + 2. Let x be k(-5). Suppose x*i - 7 = 7. What is the highest common divisor of 7 and i?
7
Let o(g) = -g**2 + 7*g - 7. Let u = 5 + 0. Let q be o(u). Calculate the greatest common factor of q and 21.
3
Suppose -6 = -2*t - 0. What is the greatest common divisor of 27 and t?
3
Let q(p) = p + 5. Let j be q(5). Let d = -11 - -21. What is the highest common factor of j and d?
10
Let o be 1 + (2 - 1) + 2. Let p(s) = -4*s. Let g be p(o). Let j be (g/10)/(2/(-5)). Calculate the greatest common factor of j and 6.
2
Suppose 2*c + 3*q = -13, 4*c = 3*q - 7*q - 16. What is the greatest common factor of 11 and c?
1
Suppose 5*d - 5*j - 30 = 0, 3*j = 2*d - j - 4. Let z be 8/d*70/4. What is the greatest common divisor of z and 140?
14
Suppose h - 10 = -v, 3*v = -3*h - h + 34. Let m be (3 + (-3)/v)*16. Calculate the highest common divisor of 5 and m.
5
Let y = -57 - -72. Calculate the greatest common factor of y and 30.
15
Suppose 4*q = -4*d + 108, 3*q - q = d + 48. Let t = q + 0. What is the highest common divisor of 5 and t?
5
Let f = 10 + -9. Let t = f + 12. What is the highest common factor of t and 117?
13
Let g = -77 - -127. Let b be (4 - 152/28)/((-3)/21). Calculate the highest common factor of g and b.
10
Suppose -20*d + 15*d = -845. What is the highest common divisor of d and 13?
13
Let j = 89 - -51. Suppose -x - 2*b = -10 - 0, 3*x + 4*b = 40. What is the highest common divisor of x and j?
20
Suppose 0 = 4*z - 10 - 6. Let c = z + 5. Calculate the highest common divisor of c and 3.
3
Suppose -a - a = -58. Let z = a + -20. Let r = 1 + 0. What is the highest common factor of r and z?
1
Suppose -a - 4*a = -30. Let w(j) = 5 - 4*j**2 - 2*j - 3*j**2 + a*j**2 + 2*j**2. Let v be w(5). Calculate the highest common factor of 220 and v.
20
Suppose -5*s + 2*s = -12. Suppose -2*p + 38 = 2*g, -4*g + s*p + 19 = -3*g. What is the greatest common divisor of g and 95?
19
Let t = 1 - -49. Let w = t - 30. What is the highest common factor of w and 80?
20
Let u be (-6)/(3*1/(-20)). What is the greatest common divisor of 16 and u?
8
Suppose r = 3*h - 11, h - 13 = -2*r + 7*r. Suppose -t - h*n = -2*t + 35, 3*n = -15. What is the highest common divisor of t and 10?
10
Suppose -u - 55 = -370. What is the greatest common divisor of 35 and u?
35
Let p = -3 - -13. What is the greatest common divisor of 70 and p?
10
Suppose -5*z + 9 + 9 = -n, 0 = z + 4*n - 12. Let j(t) = -2*t**3 - 4*t**2 - 4*t - 2. Let f be j(-3). Calculate the greatest common divisor of f and z.
4
Let d(q) = q - 1. Let h be d(1). Suppose -v - 6*k + 3*k = -30, h = 5*v - k - 118. Calculate the highest common factor of 36 and v.
12
Let o(b) = b**3 - 4*b**2 + 4*b - 7. Let p be o(4). Let r be (-2)/(-3) - (-3)/9. What is the greatest common factor of p and r?
1
Let x be (-41)/(-3) + (-4)/6. Suppose -5*y + 2*j = -139 + 11, -2*j = 4*y - 106. Let d = 0 + y. What is the greatest common divisor of d and x?
13
Let h be 4/((-8)/15)*2. Let c be 4/10 - 24/h. Suppose t - 81 = -c*t. Calculate the highest common divisor of 18 and t.
9
Let p be (16/10)/(20/50). Suppose 3*l - 4 = 5*i, -p = 3*l + i - 14. Calculate the highest common factor of 21 and l.
3
Let z be 6/4 + (-1716)/(-8). What is the highest common divisor of 24 and z?
24
Let k = -54 - -120. What is the greatest common factor of k and 11?
11
Let b(o) be the second derivative of o**5/20 - o**4/2 + 5*o**3/3 - 9*o**2/2 + o. Let k be b(7). What is the greatest common divisor of 10 and k?
10
Let a = 1 + 4. Suppose 4*t = a*t. Suppose 5*z - 135 = -t*z. What is the greatest common factor of 9 and z?
9
Let i be 4*(-5 + 4)*-5. Calculate the greatest common divisor of 160 and i.
20
Let z(r) = 28*r - 2. Let o be z(2). Suppose -7*i = -4*i - o. Let c be -1 + 13 - (-2 - -2). What is the greatest common divisor of c and i?
6
Let t(i) = i**2 - 3*i - 8. Let q be t(-4). Calculate the highest common factor of 20 and q.
20
Let c(a) = a**2 - 3*a - 7. Let h be c(5). Let b = 6 - h. Calculate the greatest common factor of b and 3.
3
Suppose -6*f = 5*s - f - 120, -3*s = 5*f - 72. Suppose 3*u = -5*y + 9, 3*u - 2 = -4*y + 10. Calculate the highest common divisor of s and u.
8
Let y = -376 - -383. Let r(x) be the second derivative of -11*x**3/6 - 3*x**2/2 - x. Let l be r(-6). What is the highest common factor of l and y?
7
Suppose -18 = 3*q - 45. Calculate the greatest common factor of q and 3.
3
Let y = 34 + -17. Let h be (-2)/1 + 2 + 0. Let n be 0 - h - (1 - 69). Calculate the greatest common factor of y and n.
17
Let q = -13 - -24. What is the greatest common factor of 1 and q?
1
Let u(r) = -3*r - 4. Let h be u(-5). Let d be h - 8 - -3*47. Let i be (8/6)/((-2)/(-24)). What is the highest common factor of d and i?
16
Suppose -137 = -3*r + 52. Suppose s - 2*w = 4 + 14, -18 = -s + 3*w. Suppose -48 + 3 = -5*q + 2*b, -b - s = -2*q. Calculate the highest common factor of r and q.
9
Let b = -7 - -20. Calculate the highest common factor of b and 39.
13
Suppose -4*q - 31 + 99 = 4*a, -a + 65 = 5*q. Calculate the greatest common divisor of 30 and q.
6
Suppose 18 = -w - 4*g, 3*w = -w + 2*g + 18. Let x = 20 - 11. Suppose 0 = 3*h - 6*h + x. Calculate the greatest common factor of h and w.
1
Let w be -1 - 37/2*-2. Suppose -5*b = -0*b - 15. Suppose 13 = y + g - 0*g, -b*g - 9 = -y. What is the greatest common factor of w and y?
12
Let o be 399/35 - 3/(-5). Calculate the greatest common divisor of o and 60.
12
Suppose -4*g + 103 - 43 = 5*a, -5*g = -a - 46. Suppose 0 = 3*q - 5*q + 40. Calculate the greatest common factor of q and g.
10
Let r(x) = -x + 11. Let b be r(0). Let p be ((-237)/7)/(-3) - (-2)/